{"id":1491,"date":"2026-03-31T09:47:27","date_gmt":"2026-03-31T12:47:27","guid":{"rendered":"https:\/\/www.fiosencantadosjf.com\/loja\/product\/fecho-duplo-onca-metalizado\/"},"modified":"2026-03-31T09:47:27","modified_gmt":"2026-03-31T12:47:27","slug":"fecho-duplo-onca-metalizado","status":"publish","type":"product","link":"https:\/\/www.fiosencantadosjf.com\/loja\/product\/fecho-duplo-onca-metalizado\/","title":{"rendered":"Fecho Duplo on\u00e7a Metalizado"},"content":{"rendered":"<p>Fecho Duplo on\u00e7a Metalizado<br \/>\nDescri\u00e7\u00e3o: Fecho met\u00e1lico decorativo com design de dois cachorros, ideal para bolsas, mochilas ou acess\u00f3rios artesanais. Com acabamento brilhante, resistente e f\u00e1cil de aplicar.<br \/>\nMedida: Aproximadamente 6,5 cm de comprimento.<br \/>\nMaterial: Metal<\/p>\n","protected":false},"excerpt":{"rendered":"<p>Fecho Duplo on\u00e7a Metalizado Descri\u00e7\u00e3o: Fecho met\u00e1lico decorativo com design de dois cachorros, ideal para bolsas, mochilas ou acess\u00f3rios artesanais. Com acabamento brilhante, resistente e f\u00e1cil de aplicar. Medida: Aproximadamente 6,5 cm de comprimento. Material: Metal<\/p>\n","protected":false},"featured_media":1490,"comment_status":"open","ping_status":"closed","template":"","meta":[],"product_brand":[],"product_cat":[15],"product_tag":[],"class_list":{"0":"post-1491","1":"product","2":"type-product","3":"status-publish","4":"has-post-thumbnail","6":"product_cat-uncategorized","8":"first","9":"instock","10":"taxable","11":"shipping-taxable","12":"purchasable","13":"product-type-simple"},"_links":{"self":[{"href":"https:\/\/www.fiosencantadosjf.com\/loja\/wp-json\/wp\/v2\/product\/1491","targetHints":{"allow":["GET"]}}],"collection":[{"href":"https:\/\/www.fiosencantadosjf.com\/loja\/wp-json\/wp\/v2\/product"}],"about":[{"href":"https:\/\/www.fiosencantadosjf.com\/loja\/wp-json\/wp\/v2\/types\/product"}],"replies":[{"embeddable":true,"href":"https:\/\/www.fiosencantadosjf.com\/loja\/wp-json\/wp\/v2\/comments?post=1491"}],"wp:featuredmedia":[{"embeddable":true,"href":"https:\/\/www.fiosencantadosjf.com\/loja\/wp-json\/wp\/v2\/media\/1490"}],"wp:attachment":[{"href":"https:\/\/www.fiosencantadosjf.com\/loja\/wp-json\/wp\/v2\/media?parent=1491"}],"wp:term":[{"taxonomy":"product_brand","embeddable":true,"href":"https:\/\/www.fiosencantadosjf.com\/loja\/wp-json\/wp\/v2\/product_brand?post=1491"},{"taxonomy":"product_cat","embeddable":true,"href":"https:\/\/www.fiosencantadosjf.com\/loja\/wp-json\/wp\/v2\/product_cat?post=1491"},{"taxonomy":"product_tag","embeddable":true,"href":"https:\/\/www.fiosencantadosjf.com\/loja\/wp-json\/wp\/v2\/product_tag?post=1491"}],"curies":[{"name":"wp","href":"https:\/\/api.w.org\/{rel}","templated":true}]}}