{"id":1478,"date":"2026-03-27T19:31:18","date_gmt":"2026-03-27T22:31:18","guid":{"rendered":"https:\/\/www.fiosencantadosjf.com\/loja\/product\/fecho-metalico-de-alta-qualidade\/"},"modified":"2026-03-27T19:31:18","modified_gmt":"2026-03-27T22:31:18","slug":"fecho-metalico-de-alta-qualidade","status":"publish","type":"product","link":"https:\/\/www.fiosencantadosjf.com\/loja\/product\/fecho-metalico-de-alta-qualidade\/","title":{"rendered":"Fecho met\u00e1lico de alta qualidade"},"content":{"rendered":"<p>Descri\u00e7\u00e3o: Fecho met\u00e1lico de alta qualidade, ideal para bolsas artesanais que exigem seguran\u00e7a e acabamento sofisticado. Possui sistema de fechamento firme tipo bot\u00e3o girat\u00f3rio, garantindo praticidade no uso e um toque elegante \u00e0 pe\u00e7a.<br \/>\nDetalhes:<br \/>\nMaterial: Metal resistente<br \/>\nCor: Dourado<br \/>\nF\u00e1cil aplica\u00e7\u00e3o<br \/>\nIdeal para bolsas, carteiras e clutches<br \/>\nAcabamento brilhante premium<br \/>\n\ud83d\udca1 Perfeito para valorizar suas pe\u00e7as handmade com um toque profissional!<\/p>\n","protected":false},"excerpt":{"rendered":"<p>Descri\u00e7\u00e3o: Fecho met\u00e1lico de alta qualidade, ideal para bolsas artesanais que exigem seguran\u00e7a e acabamento sofisticado. Possui sistema de fechamento firme tipo bot\u00e3o girat\u00f3rio, garantindo praticidade no uso e um toque elegante \u00e0 pe\u00e7a. Detalhes: Material: Metal resistente Cor: Dourado F\u00e1cil aplica\u00e7\u00e3o Ideal para bolsas, carteiras e clutches Acabamento brilhante premium \ud83d\udca1 Perfeito para valorizar [&hellip;]<\/p>\n","protected":false},"featured_media":1477,"comment_status":"open","ping_status":"closed","template":"","meta":[],"product_brand":[],"product_cat":[15],"product_tag":[],"class_list":{"0":"post-1478","1":"product","2":"type-product","3":"status-publish","4":"has-post-thumbnail","6":"product_cat-uncategorized","8":"first","9":"instock","10":"taxable","11":"shipping-taxable","12":"purchasable","13":"product-type-simple"},"_links":{"self":[{"href":"https:\/\/www.fiosencantadosjf.com\/loja\/wp-json\/wp\/v2\/product\/1478","targetHints":{"allow":["GET"]}}],"collection":[{"href":"https:\/\/www.fiosencantadosjf.com\/loja\/wp-json\/wp\/v2\/product"}],"about":[{"href":"https:\/\/www.fiosencantadosjf.com\/loja\/wp-json\/wp\/v2\/types\/product"}],"replies":[{"embeddable":true,"href":"https:\/\/www.fiosencantadosjf.com\/loja\/wp-json\/wp\/v2\/comments?post=1478"}],"wp:featuredmedia":[{"embeddable":true,"href":"https:\/\/www.fiosencantadosjf.com\/loja\/wp-json\/wp\/v2\/media\/1477"}],"wp:attachment":[{"href":"https:\/\/www.fiosencantadosjf.com\/loja\/wp-json\/wp\/v2\/media?parent=1478"}],"wp:term":[{"taxonomy":"product_brand","embeddable":true,"href":"https:\/\/www.fiosencantadosjf.com\/loja\/wp-json\/wp\/v2\/product_brand?post=1478"},{"taxonomy":"product_cat","embeddable":true,"href":"https:\/\/www.fiosencantadosjf.com\/loja\/wp-json\/wp\/v2\/product_cat?post=1478"},{"taxonomy":"product_tag","embeddable":true,"href":"https:\/\/www.fiosencantadosjf.com\/loja\/wp-json\/wp\/v2\/product_tag?post=1478"}],"curies":[{"name":"wp","href":"https:\/\/api.w.org\/{rel}","templated":true}]}}