{"id":1396,"date":"2025-08-23T12:11:21","date_gmt":"2025-08-23T15:11:21","guid":{"rendered":"https:\/\/www.fiosencantadosjf.com\/loja\/?post_type=product&#038;p=1396"},"modified":"2025-08-23T12:12:28","modified_gmt":"2025-08-23T15:12:28","slug":"bolsa-joana-tamanho-g-peca-unica","status":"publish","type":"product","link":"https:\/\/www.fiosencantadosjf.com\/loja\/product\/bolsa-joana-tamanho-g-peca-unica\/","title":{"rendered":"Bolsa Joana \u2013 Tamanho G (Pe\u00e7a \u00danica)"},"content":{"rendered":"<p data-start=\"128\" data-end=\"463\">Exclusividade e estilo em cada ponto!<br data-start=\"165\" data-end=\"168\" \/>A Bolsa Joana no tamanho G \u00e9 uma pe\u00e7a \u00fanica, feita artesanalmente em fio de malha com a t\u00e9cnica de pontos em relevo que trazem textura e sofistica\u00e7\u00e3o ao design. Seu formato estruturado aliado \u00e0s al\u00e7as firmes garantem eleg\u00e2ncia e praticidade, perfeita para quem busca um acess\u00f3rio diferenciado.<\/p>\n<p data-start=\"465\" data-end=\"716\">Na cor terracota, transmite charme e personalidade, combinando facilmente com diversas produ\u00e7\u00f5es \u2014 do casual ao elegante. Com espa\u00e7o interno ideal para o dia a dia, \u00e9 a escolha certa para quem ama aliar funcionalidade e beleza em um \u00fanico acess\u00f3rio.<\/p>\n<p data-start=\"718\" data-end=\"830\">\u2728 <strong data-start=\"720\" data-end=\"752\">Pe\u00e7a exclusiva e feita \u00e0 m\u00e3o<\/strong><br data-start=\"752\" data-end=\"755\" \/>\u2728 <strong data-start=\"757\" data-end=\"799\">Design em relevo moderno e sofisticado<\/strong><br data-start=\"799\" data-end=\"802\" \/>\u2728 <strong data-start=\"804\" data-end=\"828\">Amplo espa\u00e7o interno<\/strong><\/p>\n","protected":false},"excerpt":{"rendered":"<p>Exclusividade e estilo em cada ponto!A Bolsa Joana no tamanho G \u00e9 uma pe\u00e7a \u00fanica, feita artesanalmente em fio de malha com a t\u00e9cnica de pontos em relevo que trazem textura e sofistica\u00e7\u00e3o ao design. Seu formato estruturado aliado \u00e0s al\u00e7as firmes garantem eleg\u00e2ncia e praticidade, perfeita para quem busca um acess\u00f3rio diferenciado. Na cor [&hellip;]<\/p>\n","protected":false},"featured_media":1397,"comment_status":"open","ping_status":"closed","template":"","meta":[],"product_brand":[],"product_cat":[17,23],"product_tag":[],"class_list":{"0":"post-1396","1":"product","2":"type-product","3":"status-publish","4":"has-post-thumbnail","6":"product_cat-bolsas","7":"product_cat-novidades","9":"first","10":"instock","11":"taxable","12":"shipping-taxable","13":"purchasable","14":"product-type-simple"},"_links":{"self":[{"href":"https:\/\/www.fiosencantadosjf.com\/loja\/wp-json\/wp\/v2\/product\/1396","targetHints":{"allow":["GET"]}}],"collection":[{"href":"https:\/\/www.fiosencantadosjf.com\/loja\/wp-json\/wp\/v2\/product"}],"about":[{"href":"https:\/\/www.fiosencantadosjf.com\/loja\/wp-json\/wp\/v2\/types\/product"}],"replies":[{"embeddable":true,"href":"https:\/\/www.fiosencantadosjf.com\/loja\/wp-json\/wp\/v2\/comments?post=1396"}],"wp:featuredmedia":[{"embeddable":true,"href":"https:\/\/www.fiosencantadosjf.com\/loja\/wp-json\/wp\/v2\/media\/1397"}],"wp:attachment":[{"href":"https:\/\/www.fiosencantadosjf.com\/loja\/wp-json\/wp\/v2\/media?parent=1396"}],"wp:term":[{"taxonomy":"product_brand","embeddable":true,"href":"https:\/\/www.fiosencantadosjf.com\/loja\/wp-json\/wp\/v2\/product_brand?post=1396"},{"taxonomy":"product_cat","embeddable":true,"href":"https:\/\/www.fiosencantadosjf.com\/loja\/wp-json\/wp\/v2\/product_cat?post=1396"},{"taxonomy":"product_tag","embeddable":true,"href":"https:\/\/www.fiosencantadosjf.com\/loja\/wp-json\/wp\/v2\/product_tag?post=1396"}],"curies":[{"name":"wp","href":"https:\/\/api.w.org\/{rel}","templated":true}]}}