{"id":1345,"date":"2025-08-23T11:24:57","date_gmt":"2025-08-23T14:24:57","guid":{"rendered":"https:\/\/www.fiosencantadosjf.com\/loja\/?post_type=product&#038;p=1345"},"modified":"2025-08-23T11:24:57","modified_gmt":"2025-08-23T14:24:57","slug":"bolsa-veronica-tamanho-p","status":"publish","type":"product","link":"https:\/\/www.fiosencantadosjf.com\/loja\/product\/bolsa-veronica-tamanho-p\/","title":{"rendered":"Bolsa Ver\u00f4nica \u2013 Tamanho P"},"content":{"rendered":"<p data-start=\"110\" data-end=\"375\">Pequena no tamanho, gigante no estilo!<br data-start=\"148\" data-end=\"151\" \/>A Bolsa Ver\u00f4nica no tamanho P \u00e9 uma pe\u00e7a artesanal feita em fio de malha, que une delicadeza e modernidade. Seu design redondo traz um charme especial, enquanto a corrente dourada garante sofistica\u00e7\u00e3o e praticidade no uso.<\/p>\n<p data-start=\"377\" data-end=\"630\">Na cor roxa, \u00e9 vibrante e cheia de personalidade, perfeita para dar um toque de cor e eleg\u00e2ncia em qualquer look. Compacta, mas espa\u00e7osa o suficiente para carregar seus itens essenciais, \u00e9 a escolha ideal para quem busca exclusividade e autenticidade.<\/p>\n<p data-start=\"632\" data-end=\"751\">\u2728 <strong data-start=\"634\" data-end=\"664\">Pe\u00e7a artesanal e exclusiva<\/strong><br data-start=\"664\" data-end=\"667\" \/>\u2728 <strong data-start=\"669\" data-end=\"699\">Design moderno e atemporal<\/strong><br data-start=\"699\" data-end=\"702\" \/>\u2728 <strong data-start=\"704\" data-end=\"749\">Al\u00e7a em corrente dourada para mais estilo<\/strong><\/p>\n","protected":false},"excerpt":{"rendered":"<p>Pequena no tamanho, gigante no estilo!A Bolsa Ver\u00f4nica no tamanho P \u00e9 uma pe\u00e7a artesanal feita em fio de malha, que une delicadeza e modernidade. Seu design redondo traz um charme especial, enquanto a corrente dourada garante sofistica\u00e7\u00e3o e praticidade no uso. Na cor roxa, \u00e9 vibrante e cheia de personalidade, perfeita para dar um [&hellip;]<\/p>\n","protected":false},"featured_media":1349,"comment_status":"open","ping_status":"closed","template":"","meta":[],"product_brand":[],"product_cat":[17],"product_tag":[],"class_list":{"0":"post-1345","1":"product","2":"type-product","3":"status-publish","4":"has-post-thumbnail","6":"product_cat-bolsas","8":"first","9":"instock","10":"taxable","11":"shipping-taxable","12":"purchasable","13":"product-type-simple"},"_links":{"self":[{"href":"https:\/\/www.fiosencantadosjf.com\/loja\/wp-json\/wp\/v2\/product\/1345","targetHints":{"allow":["GET"]}}],"collection":[{"href":"https:\/\/www.fiosencantadosjf.com\/loja\/wp-json\/wp\/v2\/product"}],"about":[{"href":"https:\/\/www.fiosencantadosjf.com\/loja\/wp-json\/wp\/v2\/types\/product"}],"replies":[{"embeddable":true,"href":"https:\/\/www.fiosencantadosjf.com\/loja\/wp-json\/wp\/v2\/comments?post=1345"}],"wp:featuredmedia":[{"embeddable":true,"href":"https:\/\/www.fiosencantadosjf.com\/loja\/wp-json\/wp\/v2\/media\/1349"}],"wp:attachment":[{"href":"https:\/\/www.fiosencantadosjf.com\/loja\/wp-json\/wp\/v2\/media?parent=1345"}],"wp:term":[{"taxonomy":"product_brand","embeddable":true,"href":"https:\/\/www.fiosencantadosjf.com\/loja\/wp-json\/wp\/v2\/product_brand?post=1345"},{"taxonomy":"product_cat","embeddable":true,"href":"https:\/\/www.fiosencantadosjf.com\/loja\/wp-json\/wp\/v2\/product_cat?post=1345"},{"taxonomy":"product_tag","embeddable":true,"href":"https:\/\/www.fiosencantadosjf.com\/loja\/wp-json\/wp\/v2\/product_tag?post=1345"}],"curies":[{"name":"wp","href":"https:\/\/api.w.org\/{rel}","templated":true}]}}