{"id":1336,"date":"2025-08-22T17:24:40","date_gmt":"2025-08-22T20:24:40","guid":{"rendered":"https:\/\/www.fiosencantadosjf.com\/loja\/?post_type=product&#038;p=1336"},"modified":"2025-08-23T10:08:34","modified_gmt":"2025-08-23T13:08:34","slug":"franciele-tam-p","status":"publish","type":"product","link":"https:\/\/www.fiosencantadosjf.com\/loja\/product\/franciele-tam-p\/","title":{"rendered":"Franciele Tam P"},"content":{"rendered":"<p data-start=\"134\" data-end=\"414\">Delicadeza e estilo em cada detalhe!<br data-start=\"170\" data-end=\"173\" \/>A Bolsa Fran no tamanho P \u00e9 feita artesanalmente em fio de malha, trazendo um charme \u00fanico e exclusivo para o seu look. Com acabamento impec\u00e1vel e al\u00e7a estruturada, \u00e9 a escolha perfeita para quem ama praticidade sem abrir m\u00e3o da eleg\u00e2ncia.<\/p>\n<p data-start=\"416\" data-end=\"658\">Na cor vinho, transmite sofistica\u00e7\u00e3o e combina com diversas ocasi\u00f5es \u2014 desde o dia a dia at\u00e9 eventos especiais. Compacta e vers\u00e1til, tem espa\u00e7o ideal para seus itens essenciais, sendo uma pe\u00e7a que une beleza, autenticidade e funcionalidade.<\/p>\n<p data-start=\"660\" data-end=\"751\">\u2728 <strong data-start=\"662\" data-end=\"682\">Pe\u00e7a feita \u00e0 m\u00e3o<\/strong><br data-start=\"682\" data-end=\"685\" \/>\u2728 <strong data-start=\"687\" data-end=\"714\">Exclusividade garantida<\/strong><br data-start=\"714\" data-end=\"717\" \/>\u2728 <strong data-start=\"719\" data-end=\"749\">Design moderno e atemporal<\/strong><\/p>\n","protected":false},"excerpt":{"rendered":"<p>Delicadeza e estilo em cada detalhe!A Bolsa Fran no tamanho P \u00e9 feita artesanalmente em fio de malha, trazendo um charme \u00fanico e exclusivo para o seu look. Com acabamento impec\u00e1vel e al\u00e7a estruturada, \u00e9 a escolha perfeita para quem ama praticidade sem abrir m\u00e3o da eleg\u00e2ncia. Na cor vinho, transmite sofistica\u00e7\u00e3o e combina com [&hellip;]<\/p>\n","protected":false},"featured_media":1337,"comment_status":"open","ping_status":"closed","template":"","meta":[],"product_brand":[],"product_cat":[15],"product_tag":[],"class_list":{"0":"post-1336","1":"product","2":"type-product","3":"status-publish","4":"has-post-thumbnail","6":"product_cat-uncategorized","8":"first","9":"instock","10":"taxable","11":"shipping-taxable","12":"product-type-simple"},"_links":{"self":[{"href":"https:\/\/www.fiosencantadosjf.com\/loja\/wp-json\/wp\/v2\/product\/1336","targetHints":{"allow":["GET"]}}],"collection":[{"href":"https:\/\/www.fiosencantadosjf.com\/loja\/wp-json\/wp\/v2\/product"}],"about":[{"href":"https:\/\/www.fiosencantadosjf.com\/loja\/wp-json\/wp\/v2\/types\/product"}],"replies":[{"embeddable":true,"href":"https:\/\/www.fiosencantadosjf.com\/loja\/wp-json\/wp\/v2\/comments?post=1336"}],"wp:featuredmedia":[{"embeddable":true,"href":"https:\/\/www.fiosencantadosjf.com\/loja\/wp-json\/wp\/v2\/media\/1337"}],"wp:attachment":[{"href":"https:\/\/www.fiosencantadosjf.com\/loja\/wp-json\/wp\/v2\/media?parent=1336"}],"wp:term":[{"taxonomy":"product_brand","embeddable":true,"href":"https:\/\/www.fiosencantadosjf.com\/loja\/wp-json\/wp\/v2\/product_brand?post=1336"},{"taxonomy":"product_cat","embeddable":true,"href":"https:\/\/www.fiosencantadosjf.com\/loja\/wp-json\/wp\/v2\/product_cat?post=1336"},{"taxonomy":"product_tag","embeddable":true,"href":"https:\/\/www.fiosencantadosjf.com\/loja\/wp-json\/wp\/v2\/product_tag?post=1336"}],"curies":[{"name":"wp","href":"https:\/\/api.w.org\/{rel}","templated":true}]}}